c(11)?
4
Suppose 0*r + 6 = 6*r. Let q(b) = -r + 8*b + 5 + 0*b - 3 - b**2. Give q(8).
1
Let m(h) = h + 2. Let l(w) = 13*w + 10. Let y(n) = l(n) - 4*m(n). What is y(-4)?
-34
Let k(i) = -6*i - 12 + 14*i**2 - 15*i**2 - 3*i. Suppose -120*t + 111*t - 72 = 0. Determine k(t).
-4
Let o(r) be the third derivative of -r**5/60 - 11*r**4/24 - 13*r**3/6 + 16*r**2 + 1. What is o(-10)?
-3
Let l = 18 - 23. Suppose -3*k + 6 = -3. Let c(j) = -4*j**2 + 6 + 0*j**2 - k*j**3 + 2*j**3 + 6*j. Calculate c(l).
1
Let t = 88 + -77. Let k(f) = 3*f**2 + t*f**2 + 3 - 13*f**2. Suppose 0 = p - 3*z - 9, p + 3*p - 3*z = 9. Give k(p).
3
Let a(k) be the first derivative of 0*k + 1/60*k**5 - 1/3*k**3 + 1/6*k**4 + 4*k**2 - 4. Let b(i) be the second derivative of a(i). Determine b(-4).
-2
Let p(k) be the first derivative of -1 - 2*k + 7/2*k**2. Determine p(2).
12
Let g(k) = 11*k - 25. Let s(y) = 18*y - 51. Let b(w) = 5*g(w) - 3*s(w). What is b(-9)?
19
Suppose 0 = 2*y - 89 + 93. Let s(k) = k**2 + 2. Give s(y).
6
Suppose -v - 16 = -5*u, -u + 3*v - 4 - 4 = 0. Let r = 10 - u. Suppose -r*m = -3*m - 15. Let l(w) = -w**3 + 5*w**2 + w + 6. What is l(m)?
11
Let t = 4 + 11. Suppose 3*b + 10 = -2*s, -b + 7*s + t = 4*s. Let r(q) = -2*q + 3*q + q - 3*q. Give r(b).
0
Let v(u) = -u**3 + 4*u**2 - 2*u + 5. Let n = 9 - 102. Let z = n - -97. Calculate v(z).
-3
Let i(a) = -a**2 + 8*a + 1. Let g be ((-136)/10)/((-2)/5). Suppose 0*y + 2*h = -4*y + 180, 0 = y - 5*h - g. Let n = y - 36. Calculate i(n).
1
Let a(y) = -y**2 + 3*y**3 - 2*y**3 + 3 - 6*y**2. Let c be 26/(-39)*(-3)/1. Suppose 2*s = -c*i + 18, 2 = 4*i - 3*i. Calculate a(s).
3
Let x(k) = k**2 + k - 9. Suppose 674*j - 8 = 676*j. Determine x(j).
3
Let y(k) = -k + 3. Suppose 2 = -5*d - 5*h + 17, 0 = -4*d + 4*h + 28. Suppose d*z + 19 = -21. Calculate y(z).
11
Let b(p) = -3*p**3 + 2*p**2 - p. Let q(g) = -g**2 - 5 + 2 + 2. Let c(d) = d**3 - 4*d**2 + 7*d + 14. Let s(r) = c(r) + 5*q(r). Let m be s(8). What is b(m)?
-2
Let j be (-18)/(-3)*(-4 - -3). Suppose 0 = 4*p - 4, -5*p - 10 = 5*i - 0*p. Let w = i - j. Let g(h) = h**3 - 2*h**2 - 2*h + 4. Give g(w).
7
Let q = 50 - 52. Let t(k) = 4*k**3 + 5*k**2 + 1 - 3*k**2 - 2*k**3. Determine t(q).
-7
Let r(u) = -2*u**2 - 9*u + 1. Let t be r(-4). Suppose k = -t + 8. Let x(y) = -3 + 1 + 4 + y**2 - 3*y. What is x(k)?
2
Let w be (-225)/(-20) - 2/8. Let h(n) = -3*n + 3*n + 2*n - w. Give h(8).
5
Let b(l) be the first derivative of -l**3/3 + l - 2. Let t be 10*(-13)/(1365/14)*3. What is b(t)?
-15
Let t(b) be the third derivative of 0 + 1/2*b**3 + 5*b**2 - 1/8*b**4 + 1/60*b**5 + 0*b. Give t(3).
3
Let d(w) = 26*w - 390. Let m be d(15). Let t(s) = -s**3 - 2*s**2 - 48. Calculate t(m).
-48
Let c(j) = j**2 + 3 + j**3 + 0*j**2 - 4. Suppose 24*b = -22*b + 32 + 60. Calculate c(b).
11
Let z(y) = -18*y**3 - y**2 + 1. Let j(o) = -o**2 + 41*o + 87. Let h be j(-2). Calculate z(h).
-18
Suppose -4*b + 4*n + 40 = 0, 2*n + 4 + 21 = 3*b. Suppose 2*l + 3*l = -b. Let h be (l/(-1) - 1)/(-3). Let g(p) = p**3 - p - 10. Determine g(h).
-10
Suppose -5*i - 2*r = 23, -19 = 7*i - 3*i + r. Let z(x) = x**3 - 143*x + 3*x**2 - 144*x + 2*x**2 + 287*x - 7. Give z(i).
-7
Let f(y) = -2*y + 3. Let u be 2/6*(13 + 5). Let t(k) = 4*k**3 - k**2 - 4*k + 3. Let w be t(2). Suppose -4*o - 3 = -w, 0 = -3*r + 3*o - u. Determine f(r).
-3
Let t = 0 + 0. Let g(z) = 1 + z + 2*z**3 - 2*z**2 + t*z**2 + 3*z**2. Let r(o) = 4*o**2 - 32*o - 1. Let p be r(8). Calculate g(p).
-1
Let o(w) = -w**3 + 13*w**2 + w + 3. Let z be 4/(-18) - 51*(-133)/513. Calculate o(z).
16
Suppose 8*n = 14*n + 24. Let v(t) = t**2 + t - 4. What is v(n)?
8
Let r = -542 - -545. Let s(w) = -4*w**2 + w + 6. Give s(r).
-27
Let t(l) = -47 - 20*l + l**2 + 46 + 15*l. Calculate t(5).
-1
Let y(a) be the first derivative of -4 - 1/4*a**4 + 1/20*a**5 - 1/2*a**3 - 1/2*a**2 + 7*a. Let x(j) be the first derivative of y(j). What is x(4)?
3
Suppose 2*r = 4*v + 27 - 11, 10 = r - 3*v. Let m(d) = -7*d**3 + r*d**3 - 1 + d**2 + 3 + 4*d**3. Give m(-2).
-2
Let w(z) = 3*z - 5 + 0 + 2*z**2 + 3 + 0. Let l(x) = 10*x**2 + 14*x - 10. Let t(m) = -2*l(m) + 11*w(m). What is t(-4)?
10
Let d be (2/2)/(-1)*-1. Let t(h) = 7*h**2 - 8*h + 4. Let r(m) = m**2 - m + 1. Let a(z) = d*t(z) - 6*r(z). Let s be 3 + 0 + -1 + 1. Calculate a(s).
1
Let r(k) = -k**3 + 7*k - 9. Let i(j) = j**2 - 1 + 7*j + 0*j**2 - 9*j + 3*j. Let x(g) = -5*i(g) + r(g). Suppose 0 = -5*m - 6 - 19. Calculate x(m).
-14
Let l(r) be the first derivative of -r**6/360 - 7*r**5/120 - r**4/24 - 8*r**3/3 + 1. Let a(t) be the third derivative of l(t). What is a(-6)?
5
Suppose -5*j - 4 = -63*y + 59*y, 5*j + 24 = -y. Let v(z) = -z**2 - 2*z + 1. What is v(y)?
-7
Let q(x) = -x**2 - 6*x - 5. Suppose 5*b = 4*b - 11. Let g(j) = -j**3 - 12*j**2 - 12*j - 11. Let s be g(b). Let u be 0/(3 + s) - 4. What is q(u)?
3
Let p(c) = c**3 - 9*c**2 + c - 6. Let m be p(9). Let t(z) be the first derivative of -4*z + 5/2*z**2 - 4. Determine t(m).
11
Let n(a) = 3*a - 39. Suppose -23*x + 72 = -296. What is n(x)?
9
Let k(p) = p**3 + 16*p**2 - 19*p - 42. Let h(z) = z**3 + 16*z**2 - 19*z - 39. Let y(q) = -6*h(q) + 5*k(q). Calculate y(-17).
-10
Let r(a) be the second derivative of -a**3/3 + 5*a**2/2 - 31*a. Determine r(-4).
13
Let h be ((-264)/(-110))/(12/15). Let t(p) = 16*p. Give t(h).
48
Let z(k) = k**3 - 12*k**2 + 13*k - 17. Let v(w) = -w**2 - 10*w + 67. Let b be v(-14). Determine z(b).
5
Let h be 4/1 - (-34)/(-17). Suppose s + 8*f = 3*f + 10, -4 = -4*s - h*f. Let a(u) = u**3 - 2. Give a(s).
-2
Let p = -620 + 617. Let u(c) = -c - 4. Give u(p).
-1
Let v(y) be the first derivative of 2*y**2 - 33*y - 200. What is v(10)?
7
Let r(a) = -23 + 2192*a + a**3 - 2192*a. Give r(0).
-23
Let b(n) = n**3 - 6*n**2 - n + 3. Suppose -38 = -2*r - 2*i - 0*i, -r + 3*i = -23. Let z = 14 - r. Let w(o) = 2*o**2 + 11*o. Let k be w(z). Calculate b(k).
-3
Let h(z) = -14*z**2 + z - 1. Let p(l) = 6*l**2 + l - 1. Let s be p(-2). Suppose 4*b + 3*w = w - 78, -3*b - 5*w = 55. Let i = b + s. Give h(i).
-14
Let n(l) = l**2 + 7*l - 4. Let t(r) = r**2 + 9*r - 4. Let s(b) = 3*n(b) - 2*t(b). What is s(-4)?
0
Let w(o) = -o - 5. Let p be 70/(-21)*(0 + (-14 - 1)). Suppose -2*s - p = -34. Give w(s).
3
Let b be (-25)/(-6) + (-2)/12. Let q = -4 + b. Let g(y) = -y - 1. Let m(z) = 2*z + 15. Let h(i) = -3*g(i) - m(i). Determine h(q).
-12
Let b(y) = -3*y**3 + 16*y**2 - 4*y + 25. Let z(o) = o**3 - o**2 + o - 2. Let s(q) = b(q) + 4*z(q). What is s(-12)?
17
Let b = -340 - -346. Let q(h) = -2*h**2 + 7*h - 5. Give q(b).
-35
Let q(g) = -g + 3. Let z be -2*(3 + -1) + 30. Let v = z + -31. What is q(v)?
8
Let y(m) = m**2 - 14*m - 2. Let d(j) = 3*j**2 - 40*j - 5. Let c(k) = 6*d(k) - 17*y(k). Give c(2).
4
Let p(u) be the first derivative of -u**2 - 31*u - 251. Give p(-19).
7
Let b(d) = -9*d. Let n be b(-13). Let r(j) = n*j**2 + 1 + 123*j**2 + j**3 + 4*j - 245*j**2. What is r(4)?
1
Let t(s) = -s**2 - 3*s + 1. Let p be (4/(-6) + 2)/((-1)/3). Let c be (-2 - (3 + p)) + -1. Determine t(c).
3
Let z(p) = -33*p**3 - 2*p**2 + 3*p - 3. Let j(q) = 36*q**3 + 3*q**2 - 4*q + 4. Let y(s) = -2*j(s) - 3*z(s). Give y(1).
27
Let u(k) = 2*k**3 - 7*k**2 + 9*k - 4. Let q = 22 + -15. Let w(f) = 3*f**3 - 11*f**2 + 14*f - 6. Let p(l) = q*u(l) - 5*w(l). What is p(5)?
-8
Let z(b) be the third derivative of -5/24*b**4 + 0*b - 1/40*b**5 + 0 + 2*b**3 + 1/360*b**6 + 12*b**2. Let o(m) be the first derivative of z(m). Calculate o(4).
-1
Let o(k) = -k - 5. Let u = -2430 + 2438. Calculate o(u).
-13
Let p(d) = d**3 - 7*d**2 - 7*d + 1. Let k be 4/(-8) - 9/(-2). Let v(m) = m**3 - 8*m**2 - 7*m. Let w(g) = k*p(g) - 3*v(g). What is w(5)?
-6
Let c(u) = u**2 - 13*u - 2. Suppose -5*q = 48*q - 689. Determine c(q).
-2
Let d(m) be the third derivative of 0*m + 0 - 1/12*m**4 - 2*m**2 + 1/6*m**3. What is d(4)?
-7
Let b = -83 + 81. Let r(v) = 5*v**3 + v**2 - 3*v - 3. What is r(b)?
-33
Let k(q) be the second derivative of -q**4/12 - q**3/6 + 3*q**2/2 + 5*q. Let o(s) = 7*s**3 - 2 + 0 - 8*s**3 - s + 4. Let f be o(1). Give k(f).
3
Let p(r) = -r + 3. Suppose -3*a = 2*t - 30, 2*a - 34 = -2*t - 2*a. Suppose t = 2*b + 19. Determine p(b).
8
Let k(q) = -10*q**3 - 18*q**2 - 12*q - 16. Let w(x) = -7*x**3 - 12*x**2 - 8*x - 11. Let l(f) = 5*k(f) - 7*w(f). Give l(-4).
-19
Let v(t) = -47*t + 3. Let m(g) = -10*g + 1 - 2*g + 8*g - 12*g. 